t of 341062478?
1
What is the ten thousands digit of 105925434?
2
What is the hundreds digit of 66175306?
3
What is the hundred millions digit of 1114202531?
1
What is the tens digit of 1557876693?
9
What is the hundreds digit of 425216056?
0
What is the tens digit of 107331484?
8
What is the hundreds digit of 92007986?
9
What is the hundred thousands digit of 13676786?
6
What is the units digit of 288390788?
8
What is the tens digit of 1897233537?
3
What is the units digit of 16136782?
2
What is the hundred thousands digit of 773313146?
3
What is the ten thousands digit of 35369813?
6
What is the thousands digit of 71031980?
1
What is the thousands digit of 483530406?
0
What is the ten millions digit of 7085324234?
8
What is the units digit of 426815458?
8
What is the units digit of 442617479?
9
What is the millions digit of 26247627?
6
What is the hundred thousands digit of 34983467?
9
What is the hundreds digit of 4620631692?
6
What is the ten millions digit of 2472382883?
7
What is the ten thousands digit of 11834112?
3
What is the hundreds digit of 79230894?
8
What is the millions digit of 44839015?
4
What is the hundreds digit of 128283549?
5
What is the thousands digit of 293054232?
4
What is the hundred thousands digit of 1185068398?
0
What is the hundreds digit of 465933387?
3
What is the ten thousands digit of 427027585?
2
What is the ten thousands digit of 302801549?
0
What is the ten millions digit of 176036350?
7
What is the units digit of 67016159?
9
What is the hundreds digit of 614661215?
2
What is the units digit of 25475338?
8
What is the ten millions digit of 1949211833?
4
What is the thousands digit of 54743889?
3
What is the units digit of 754086996?
6
What is the hundred thousands digit of 48405780?
4
What is the ten thousands digit of 15921477?
2
What is the thousands digit of 33154202?
4
What is the hundred thousands digit of 124147937?
1
What is the ten thousands digit of 9762949?
6
What is the hundreds digit of 287302180?
1
What is the hundreds digit of 2497669656?
6
What is the units digit of 261292281?
1
What is the hundreds digit of 516304?
3
What is the millions digit of 1148196442?
8
What is the ten thousands digit of 61683657?
8
What is the millions digit of 2299376068?
9
What is the millions digit of 297426954?
7
What is the units digit of 38526784?
4
What is the ten millions digit of 1517446066?
1
What is the ten millions digit of 1963257317?
6
What is the ten millions digit of 213826450?
1
What is the millions digit of 1582456?
1
What is the hundred thousands digit of 6708797943?
7
What is the ten thousands digit of 1462839043?
3
What is the ten millions digit of 47212164?
4
What is the thousands digit of 99399117?
9
What is the ten millions digit of 287447787?
8
What is the hundred millions digit of 748335821?
7
What is the hundred millions digit of 107244629?
1
What is the ten thousands digit of 2115931164?
3
What is the hundreds digit of 16405649?
6
What is the units digit of 60464808?
8
What is the hundreds digit of 7800017410?
4
What is the hundreds digit of 4130552454?
4
What is the thousands digit of 4867713135?
3
What is the hundred thousands digit of 48487664?
4
What is the ten millions digit of 107038630?
0
What is the ten thousands digit of 42790398?
9
What is the ten thousands digit of 32278736?
7
What is the tens digit of 100555614?
1
What is the hundreds digit of 29682183?
1
What is the hundred thousands digit of 6901144?
9
What is the hundred millions digit of 136719929?
1
What is the hundred thousands digit of 3694192944?
1
What is the thousands digit of 504058448?
8
What is the hundreds digit of 81474841?
8
What is the millions digit of 371050529?
1
What is the hundred thousands digit of 503757352?
7
What is the ten millions digit of 815164035?
1
What is the hundreds digit of 9564744?
7
What is the hundred millions digit of 525884316?
5
What is the ten millions digit of 892194771?
9
What is the ten thousands digit of 68277981?
7
What is the tens digit of 2742939?
3
What is the thousands digit of 315218794?
8
What is the millions digit of 2339803300?
9
What is the ten millions digit of 289953010?
8
What is the ten millions digit of 18284978?
1
What is the thousands digit of 101291827?
1
What is the hundreds digit of 207719256?
2
What is the hundreds digit of 192349603?
6
What is the ten thousands digit of 4494988085?
8
What is the millions digit of 1151359792?
1
What is the tens digit of 2103917797?
9
What is the millions digit of 611115679?
1
What is the ten thousands digit of 1892556433?
5
What is the hundred millions digit of 328656799?
3
What is the hundred millions digit of 216003338?
2
What is the tens digit of 79673101?
0
What is the hundred thousands digit of 249517331?
5
What is the ten millions digit of 343808747?
4
What is the millions digit of 1218578502?
8
What is the hundred thousands digit of 4011110564?
1
What is the ten millions digit of 855191494?
5
What is the millions digit of 89778530?
9
What is the thousands digit of 28610903?
0
What is the ten thousands digit of 4686276359?
7
What is the ten thousands digit of 39471792?
7
What is the units digit of 1348512613?
3
What is the tens digit of 34008212?
1
What is the millions digit of 618787625?
8
What is the hundreds digit of 5821285580?
5
What is the ten thousands digit of 110230302?
3
What is the thousands digit of 551556086?
6
What is the tens digit of 1931703865?
6
What is the units digit of 117997822?
2
What is the ten thousands digit of 39483997?
8
What is the millions digit of 41193021?
1
What is the units digit of 204342137?
7
What is the hundreds digit of 280202530?
5
What is the thousands digit of 253849726?
9
What is the units digit of 11857465?
5
What is the thousands digit of 62153406?
3
What is the ten millions digit of 11954280?
1
What is the hundreds digit of 164629914?
9
What is the units digit of 751721133?
3
What is the hundreds digit of 306357413?
4
What is the ten thousands digit of 18876727?
7
What is the units digit of 143047703?
3
What is the ten thousands digit of 515466670?
6
What is the thousands digit of 544376301?
6
What is the hundred thousands digit of 39993179?
9
What is the hundreds digit of 411233004?
0
What is the hundreds digit of 281070136?
1
What is the thousands digit of 3035526821?
6
What is the hundred thousands digit of 7038786?
0
What is the tens digit of 29266135?
3
What is the hundred thousands digit of 82969256?
9
What is the millions digit of 118981644?
8
What is the tens digit of 426715125?
2
What is the thousands digit of 47330209?
0
What is the tens digit of 3029984743?
4
What is the millions digit of 102189828?
2
What is the tens digit of 198405743?
4
What is the ten millions digit of 269251954?
6
What is the tens digit of 769075?
7
What is the units digit of 34717161?
1
What is the tens digit of 392201388?
8
What is the ten millions digit of 159861526?
5
What is the units digit of 26337104?
4
What is the ten millions digit of 481124369?
8
What is the hundred millions digit of 138205487?
1
What is the hundreds digit of 888331089?
0
What is the hundred thousands digit of 72426615?
4
What is the hundred millions digit of 234991562?
2
What is the millions digit of 34269204?
4
What is the billions digit of 1096843501?
1
What is the millions digit of 17972536?
7
What is the tens digit of 22236175?
7
What is the thousands digit of 114380671?
0
What is the units digit of 49581311?
1
What is the hundred thousands digit of 1662175966?
1
What is the ten millions digit of 94838762?
9
What is the units digit of 178205563?
3
What is the hundreds digit of 1674849012?
0
What is the hundreds digit of 282734409?
4
What is the millions digit of 921642435?
1
What is the millions digit of 20017038?
0
What is the units digit of 214627707?
7
What is the tens digit of 177393767?
6
What is the tens digit of 34217024?
2
What is the hundred thousands digit of 490635841?
6
What is the units digit of 160484145?
5
What is the millions digit of 1940536621?
0
What is the units digit of 57074724?
4
What is the ten thousands digit of 562554141?
5
What is the hundred thousands digit of 176179294?
1
What is the hundred thousands digit of 1417634755?
6
What is the hundreds digit of 5619513936?
9
What is th